s be c(-4). What is the units digit of ((s*-1)/4)/(-1)?
3
Let m(x) = -x + 9. Let v be m(4). Suppose -260 = n - v*n. Let w = n - 36. What is the tens digit of w?
2
Let u(r) = -r**2 + 19*r + 8. Let a be u(9). What is the units digit of (-3)/(-7) + 27888/a?
5
Let n = -18 + 19. What is the units digit of 9/(9/2*n/33)?
6
Suppose 0 = 4*t - 4*j + 14 + 6, 0 = j - 5. Suppose -5*b + 2*b + 624 = t. Suppose -b = -4*z + 20. What is the tens digit of z?
5
What is the units digit of 2785/10 + 21/14 - -4?
4
Let f be (-16)/14*(-14 + 7). Let w(h) = 25*h - 28. What is the hundreds digit of w(f)?
1
Let y = -272 - -160. Let a = -103 - y. What is the units digit of a?
9
Let j(i) = 2*i + 1. Let t be j(7). Let g = t + 65. What is the tens digit of g?
8
Suppose -c + 8 = -5*k, -c = -2*k - 0 - 5. Let g(b) = 4*b - 7. Let h be g(c). What is the units digit of 1/h + (-147)/(-15)?
0
Let k(w) = w**2 - w. Let z be k(0). Suppose 5*j = 3*x - 0*j - 54, z = 4*x - 4*j - 64. What is the tens digit of x?
1
Let p(x) = x**2 + 11*x + 3. Let h be p(-11). Suppose 129 = -0*s - h*s. Let l = 77 + s. What is the units digit of l?
4
Suppose -6*d + 9*d = 0. Suppose 5*a - 20 = d, -4*t + 9*t - 4*a - 4 = 0. Suppose 48 + 29 = 3*v + q, 4*v = t*q + 108. What is the tens digit of v?
2
Suppose -95*v + 249726 = -140344. What is the units digit of v?
6
Let n be (-12)/(-30) - (-78)/5. Let s = n - 19. What is the tens digit of -1 + (19*s)/(-3)?
1
Let h(p) = -855*p + 24. What is the hundreds digit of h(-2)?
7
Suppose 4*n - 3*v + 3 = 0, 3 - 8 = -v. What is the units digit of (-201)/(-3 + n + -3)?
7
What is the units digit of 2/(-1 - -2) - 9296/(-112)?
5
What is the tens digit of (60/(1 - 3))/(-1)?
3
Let g = -33 + 1185. What is the tens digit of g?
5
Let x(r) = -r**2 + 10*r + 1. Let p be x(10). Suppose 3*z - 5 = p. Suppose 32 = -0*j + z*j. What is the units digit of j?
6
Let z(v) = 76*v + 72. What is the units digit of z(19)?
6
Let c(t) = -26*t + 19. Let i be c(4). What is the tens digit of 8 + -8 - (i + 1)?
8
Let i be 1*0*(-3)/(-9). Suppose -2*q - 16 + 74 = i. What is the tens digit of q?
2
Suppose 2*a - 1128 = 118. Let z = a - 415. What is the tens digit of z?
0
Let l be -3 + 20/6*3. Suppose -6*q = -l*q + 3. Suppose -q - 7 = -5*p. What is the units digit of p?
2
Let b(w) = -w**2 + 32*w + 1723. What is the tens digit of b(0)?
2
Let g(i) = -i**2 + 6*i - 5. Let v be g(4). Suppose 4*l - v*z + 53 = 0, 2*z = 5*l - z + 70. Let k = l - -24. What is the units digit of k?
7
Let y = -73 + 43. Let v be (-3)/(-12) + y/(-8). Suppose 1 = v*h - 7. What is the units digit of h?
2
Suppose 5*p + 2*x - 29 = 8*p, -p - x - 18 = 0. Let y = p - -231. What is the hundreds digit of y?
2
Suppose 71*h = 26*h + 54360. What is the tens digit of h?
0
Let z = 3 + -8. Let s(x) be the second derivative of -x**5/20 - x**4/3 + x**3/6 - 7*x**2/2 + x. What is the tens digit of s(z)?
1
Let f = 28 - 22. Let i be (-5)/(10/f) + 54. Suppose -78 = -3*b + i. What is the tens digit of b?
4
Let y be -3 - (3 - (12 - 1)). Suppose -y = 3*c + 10, -17 = -2*i + 5*c. What is the tens digit of (168/(-35))/(i/30)?
3
Suppose 0 = -z + 5*n + 4065 + 763, 4*z - 19312 = 4*n. What is the units digit of z?
8
Let z = 1386 + -701. What is the hundreds digit of z?
6
Suppose 3*j + 10 = 8*j. Suppose 94 = j*c - 74. What is the units digit of c?
4
What is the tens digit of (-16 - 4)*(-1539)/36?
5
Suppose 0 = -8*o + 2*o + 300. Suppose -o + 8 = -6*b. What is the units digit of b?
7
Suppose 0*u + 3208 = 4*i + u, -802 = -i + 4*u. What is the tens digit of i?
0
Suppose -y + 1486 = 2*s, 0 = -5*y + 5*s - 1521 + 8996. What is the units digit of y?
2
Suppose 136 = 5*l + 761. Let f = -88 - l. What is the tens digit of f?
3
Let l be (-2 + 3 - 0) + 4. Suppose -l*k + 4*k + 28 = 0. Suppose -32 = -4*p - 3*u + 27, 2*u - k = -2*p. What is the units digit of p?
7
Suppose 83*r - 330837 = -114871. What is the thousands digit of r?
2
Let q = -329 + 516. What is the tens digit of q?
8
Let p(j) = 25*j - 49. Let r = 0 - -11. What is the hundreds digit of p(r)?
2
Let y(a) = 1. Let x(z) = z**3 - 2*z**2 - 3*z + 10. Let r(v) = -x(v) + 6*y(v). Let d be r(6). What is the units digit of ((-16)/(-20))/((-4)/d)?
6
Let n(y) = -10*y + 12. Suppose -3*o + 0*k + 8 = -4*k, -28 = -2*o - 3*k. Let g be n(o). What is the tens digit of (g/8)/((-1)/4)?
3
What is the units digit of (((-150)/4)/(-5))/((-14)/(-4228))?
5
What is the hundreds digit of 108*(-12)/(120/(-25))?
2
Let q(p) = 4*p**3 - 3*p**2 - 4 - 4*p**2 - 5 - p + 0*p**3. Let a(d) = 5*d**3 - 7*d**2 - 10. Let o(t) = -3*a(t) + 4*q(t). What is the tens digit of o(8)?
2
What is the tens digit of 21866/34 - -2 - (-2)/(-17)?
4
Let p(r) = 26*r**2 + r. Let j be p(-1). Let c = j - -6. What is the tens digit of c?
3
Let s(k) = 21*k + 86. What is the tens digit of s(18)?
6
Suppose -14*b + 15873 = -4245. What is the tens digit of b?
3
Suppose -2*d - 6*w + 11*w = -1667, 0 = -2*d + w + 1655. What is the tens digit of d?
2
Suppose 3*c = 5*c - 2. Suppose -p + 88 = c. Suppose -3*v = -3*q - p, -16 = -5*q + 4. What is the tens digit of v?
3
Let f(w) = -191*w**3 + 2*w**2 + w. Let a be f(-1). Suppose -7*u - u = -a. What is the units digit of u?
4
Let s be 32/3*(-9)/(-6). Let i = s + -16. Suppose -j + 15 + 3 = i. What is the units digit of j?
8
Let j(k) be the second derivative of -2*k + 1/2*k**2 + 5/6*k**3 + 0. What is the tens digit of j(4)?
2
Suppose -y + c + 9 = 0, 0 = -4*y + 2*c - 3*c + 11. Suppose 20 = u + 5*i - 26, 0 = -y*u + i + 100. What is the units digit of u?
6
Suppose -75 = 2*b + 3*q - 1522, -2904 = -4*b - 4*q. What is the units digit of b?
1
Let w(c) = c**2 - 158*c + 3571. What is the tens digit of w(0)?
7
Let q be ((-198)/(-10))/(2/10) + 4. Let d = 78 + q. What is the units digit of d?
1
Suppose 2 + 2 = 2*f, 5*x - 5*f - 10820 = 0. What is the thousands digit of x?
2
Let o(a) = -a**3 + a - 4. Let d be o(0). Let m = 69 + d. What is the tens digit of m?
6
Suppose -5*o = -h + 3131, 2*o - 4*h + 1255 = -h. What is the hundreds digit of o/(-5) + 4 - (-1)/(-5)?
1
Let r be 3 + -2 - 7/(-1). Let x be (7/6)/(r/48). Let l(t) = -t**3 + 9*t**2 - 9*t + 3. What is the units digit of l(x)?
8
Let v(m) = 11*m**2 - 7*m - 36. What is the hundreds digit of v(-9)?
9
Let v(d) = 0 - 8 + 4*d + 19 - 9 + 10*d**2. What is the tens digit of v(-4)?
4
Let s = 2425 - 950. What is the units digit of s?
5
Let l(k) = 25*k**2 + 15*k - 97. What is the hundreds digit of l(9)?
0
Suppose 25*l = 21*l + 40. Suppose -54 = 9*j - l*j. What is the tens digit of j?
5
Suppose -a = 5*g - 1759 - 6979, -g + 1744 = -a. What is the hundreds digit of g?
7
Let h be -30 + 0 - 0/2. Let g be h/2*(-22)/55. Suppose -40 = -2*z + g. What is the tens digit of z?
2
Let v(l) = 2*l**2 - 77*l - 25. What is the hundreds digit of v(-18)?
0
Let u = -35 - -187. Suppose 6*o - 5*o = u. What is the hundreds digit of o?
1
Suppose p = -2*l + 1913, -l + 0*l = p - 957. What is the units digit of l?
6
Suppose o - 48 = 95. Suppose -4*h + 17 = -o. What is the units digit of h?
0
Suppose -5*j = 5*i - 2*j + 20, 0 = 4*i + 5*j + 3. What is the tens digit of (-8)/(-28) - 236/i?
3
Let z(p) = 2*p**2 - 23*p - 14. Let u be z(12). What is the units digit of (-58 + u/2)*-1?
9
Let o(z) = 17*z + 7. Let p be o(6). Suppose 29 = 2*x - p. What is the units digit of x?
9
Suppose -169*b = -172*b + 5526. What is the units digit of b?
2
Suppose -473 = -4*b + 19. Suppose 2*v = -v + b. What is the tens digit of v?
4
Let i(x) = 2*x**3 + 23*x**2 + 4*x + 6. Let a = -63 + 52. What is the units digit of i(a)?
3
Let k be 154/14 + (4 - 2) + -3. Suppose 360 = -7*j + k*j. What is the units digit of j?
0
Let s be (8/6)/((-46)/(-207)). Suppose 20 = -m + s*m. Suppose 8 = 2*w - 0*w, m*u + 3*w - 136 = 0. What is the tens digit of u?
3
Let l(t) be the third derivative of -t**4/6 - 8*t**3/3 + 567*t**2. Let a be (1 - -11)/(-1 - 0). What is the tens digit of l(a)?
3
Suppose 0 = 25*w + 124 - 1574. What is the tens digit of w?
5
Let x(y) = y**2 - 1. Let r be x(-2). Let f(c) = 2 + 16*c - 9*c**2 + 5*c**3 - 8*c - 4*c**3 + 0*c**r. What is the units digit of f(8)?
2
Let i = -11 + 18. Suppose -i*d + 319 = -45. What is the tens digit of d?
5
Let l = 7080 - 4108. What is the tens digit of l?
7
Let s(r) = -r + 23. Let g be s(18). Let i be (12 - g)*3/7. Suppose -o + 4*a + 74 = 0, -2*a = o - i*o + 14